{"id":325,"date":"2025-11-26T12:48:12","date_gmt":"2025-11-26T11:48:12","guid":{"rendered":"https:\/\/ciepnj.ch\/?page_id=325"},"modified":"2026-04-04T13:45:23","modified_gmt":"2026-04-04T11:45:23","slug":"exhibition","status":"publish","type":"page","link":"https:\/\/ciepnj.ch\/?page_id=325","title":{"rendered":"Exhibition"},"content":{"rendered":"\t\t<div data-elementor-type=\"wp-page\" data-elementor-id=\"325\" class=\"elementor elementor-325\" data-elementor-post-type=\"page\">\n\t\t\t\t<div class=\"elementor-element elementor-element-4a28f1e e-flex e-con-boxed e-con e-parent\" data-id=\"4a28f1e\" data-element_type=\"container\">\n\t\t\t\t\t<div class=\"e-con-inner\">\n\t\t\t\t<div class=\"elementor-element elementor-element-e945db8 elementor-widget elementor-widget-text-editor\" data-id=\"e945db8\" data-element_type=\"widget\" data-widget_type=\"text-editor.default\">\n\t\t\t\t\t\t\t\t\t<p data-start=\"60\" data-end=\"386\"><b>Le public entre. Un\u00b7e spectateur\u00b7rice prend place sur un petit bureau o\u00f9 se trouve un ordinateur. Sur l&rsquo;\u00e9cran, un programme se lance : c&rsquo;est un jeu vid\u00e9o. Vous voil\u00e0 dans la peau d&rsquo;une jeune femme pr\u00eate \u00e0 lancer sa carri\u00e8re sur Twitch \u2014 Hell_joue, l&rsquo;avatar que vous allez manipuler pour lui faire gagner le plus d&rsquo;abonn\u00e9s et payer son loyer d&rsquo;ici la fin du mois. La sc\u00e8ne s&rsquo;allume et d\u00e9voile ce m\u00eame espace o\u00f9 se tient une actrice qui ressemble \u00e0 l&rsquo;avatar sur l&rsquo;\u00e9cran. Soudain, une notification retentit : le corps de l&rsquo;actrice se tend. Le\u00b7la joueur\u00b7se a cliqu\u00e9. Le jeu commence. Dans la pi\u00e8ce, les objets s&rsquo;\u00e9clairent. Un clic : elle se touche les cheveux. Un autre clic : elle danse devant la webcam. Ses actions sont pr\u00e9cises, contr\u00f4l\u00e9es par une main invisible. Mais qui, ce soir, joue vraiment ? Est-ce le\u00b7a joueur\u00b7se, le public, ou elle-m\u00eame \u2014 pi\u00e9g\u00e9e dans cette m\u00e9canique o\u00f9 le r\u00e9el et le virtuel se confondent ?<\/b><\/p>\t\t\t\t\t\t\t\t<\/div>\n\t\t\t\t\t<\/div>\n\t\t\t\t<\/div>\n\t\t<div class=\"elementor-element elementor-element-1720e76 e-flex e-con-boxed e-con e-parent\" data-id=\"1720e76\" data-element_type=\"container\">\n\t\t\t\t\t<div class=\"e-con-inner\">\n\t\t\t\t<div class=\"elementor-element elementor-element-2f458e2 elementor-widget elementor-widget-video\" data-id=\"2f458e2\" data-element_type=\"widget\" data-settings=\"{&quot;youtube_url&quot;:&quot;https:\\\/\\\/www.youtube.com\\\/watch?v=MC_FX6bHlCQ&quot;,&quot;video_type&quot;:&quot;youtube&quot;,&quot;controls&quot;:&quot;yes&quot;}\" data-widget_type=\"video.default\">\n\t\t\t\t\t\t\t<div class=\"elementor-wrapper elementor-open-inline\">\n\t\t\t<div class=\"elementor-video\"><\/div>\t\t<\/div>\n\t\t\t\t\t\t<\/div>\n\t\t\t\t\t<\/div>\n\t\t\t\t<\/div>\n\t\t<div class=\"elementor-element elementor-element-6afe169 e-grid e-con-boxed e-con e-parent\" data-id=\"6afe169\" data-element_type=\"container\">\n\t\t\t\t\t<div class=\"e-con-inner\">\n\t\t\t\t<div class=\"elementor-element elementor-element-eb3ecdc elementor-widget elementor-widget-image\" data-id=\"eb3ecdc\" data-element_type=\"widget\" data-widget_type=\"image.default\">\n\t\t\t\t\t\t\t\t\t\t\t\t\t\t\t<img fetchpriority=\"high\" decoding=\"async\" width=\"681\" height=\"1024\" src=\"https:\/\/ciepnj.ch\/wp-content\/uploads\/2025\/11\/Exhibition.exe_\u00a9Alizee-Quinche_DSC7127_WEB-681x1024.jpg\" class=\"attachment-large size-large wp-image-169\" alt=\"\" srcset=\"https:\/\/ciepnj.ch\/wp-content\/uploads\/2025\/11\/Exhibition.exe_\u00a9Alizee-Quinche_DSC7127_WEB-681x1024.jpg 681w, https:\/\/ciepnj.ch\/wp-content\/uploads\/2025\/11\/Exhibition.exe_\u00a9Alizee-Quinche_DSC7127_WEB-200x300.jpg 200w, https:\/\/ciepnj.ch\/wp-content\/uploads\/2025\/11\/Exhibition.exe_\u00a9Alizee-Quinche_DSC7127_WEB-768x1155.jpg 768w, https:\/\/ciepnj.ch\/wp-content\/uploads\/2025\/11\/Exhibition.exe_\u00a9Alizee-Quinche_DSC7127_WEB-1022x1536.jpg 1022w, https:\/\/ciepnj.ch\/wp-content\/uploads\/2025\/11\/Exhibition.exe_\u00a9Alizee-Quinche_DSC7127_WEB-1362x2048.jpg 1362w, https:\/\/ciepnj.ch\/wp-content\/uploads\/2025\/11\/Exhibition.exe_\u00a9Alizee-Quinche_DSC7127_WEB.jpg 1663w\" sizes=\"(max-width: 681px) 100vw, 681px\" \/>\t\t\t\t\t\t\t\t\t\t\t\t\t\t\t<\/div>\n\t\t\t\t<div class=\"elementor-element elementor-element-fd30969 elementor-widget elementor-widget-image\" data-id=\"fd30969\" data-element_type=\"widget\" data-widget_type=\"image.default\">\n\t\t\t\t\t\t\t\t\t\t\t\t\t\t\t<img decoding=\"async\" width=\"683\" height=\"1024\" src=\"https:\/\/ciepnj.ch\/wp-content\/uploads\/2025\/11\/Exhibition.exe_\u00a9Alizee-Quinche_ALI8669_WEB-683x1024.jpg\" class=\"attachment-large size-large wp-image-166\" alt=\"\" srcset=\"https:\/\/ciepnj.ch\/wp-content\/uploads\/2025\/11\/Exhibition.exe_\u00a9Alizee-Quinche_ALI8669_WEB-683x1024.jpg 683w, https:\/\/ciepnj.ch\/wp-content\/uploads\/2025\/11\/Exhibition.exe_\u00a9Alizee-Quinche_ALI8669_WEB-200x300.jpg 200w, https:\/\/ciepnj.ch\/wp-content\/uploads\/2025\/11\/Exhibition.exe_\u00a9Alizee-Quinche_ALI8669_WEB-768x1152.jpg 768w, https:\/\/ciepnj.ch\/wp-content\/uploads\/2025\/11\/Exhibition.exe_\u00a9Alizee-Quinche_ALI8669_WEB-1024x1536.jpg 1024w, https:\/\/ciepnj.ch\/wp-content\/uploads\/2025\/11\/Exhibition.exe_\u00a9Alizee-Quinche_ALI8669_WEB-1366x2048.jpg 1366w, https:\/\/ciepnj.ch\/wp-content\/uploads\/2025\/11\/Exhibition.exe_\u00a9Alizee-Quinche_ALI8669_WEB.jpg 1667w\" sizes=\"(max-width: 683px) 100vw, 683px\" \/>\t\t\t\t\t\t\t\t\t\t\t\t\t\t\t<\/div>\n\t\t\t\t\t<\/div>\n\t\t\t\t<\/div>\n\t\t<div class=\"elementor-element elementor-element-422a226 e-flex e-con-boxed e-con e-parent\" data-id=\"422a226\" data-element_type=\"container\">\n\t\t\t\t\t<div class=\"e-con-inner\">\n\t\t\t\t<div class=\"elementor-element elementor-element-a9d9d7c elementor-widget elementor-widget-image\" data-id=\"a9d9d7c\" data-element_type=\"widget\" data-widget_type=\"image.default\">\n\t\t\t\t\t\t\t\t\t\t\t\t\t\t\t<img decoding=\"async\" width=\"800\" height=\"533\" src=\"https:\/\/ciepnj.ch\/wp-content\/uploads\/2025\/11\/L1030481_pecorini.ch_-1024x682.jpg\" class=\"attachment-large size-large wp-image-190\" alt=\"\" srcset=\"https:\/\/ciepnj.ch\/wp-content\/uploads\/2025\/11\/L1030481_pecorini.ch_-1024x682.jpg 1024w, https:\/\/ciepnj.ch\/wp-content\/uploads\/2025\/11\/L1030481_pecorini.ch_-300x200.jpg 300w, https:\/\/ciepnj.ch\/wp-content\/uploads\/2025\/11\/L1030481_pecorini.ch_-768x511.jpg 768w, https:\/\/ciepnj.ch\/wp-content\/uploads\/2025\/11\/L1030481_pecorini.ch_-1536x1022.jpg 1536w, https:\/\/ciepnj.ch\/wp-content\/uploads\/2025\/11\/L1030481_pecorini.ch_.jpg 2048w\" sizes=\"(max-width: 800px) 100vw, 800px\" \/>\t\t\t\t\t\t\t\t\t\t\t\t\t\t\t<\/div>\n\t\t\t\t\t<\/div>\n\t\t\t\t<\/div>\n\t\t<div class=\"elementor-element elementor-element-58f16f3 e-flex e-con-boxed e-con e-parent\" data-id=\"58f16f3\" data-element_type=\"container\">\n\t\t\t\t\t<div class=\"e-con-inner\">\n\t\t\t\t<div class=\"elementor-element elementor-element-9966e11 elementor-widget elementor-widget-image\" data-id=\"9966e11\" data-element_type=\"widget\" data-widget_type=\"image.default\">\n\t\t\t\t\t\t\t\t\t\t\t\t\t\t\t<img loading=\"lazy\" decoding=\"async\" width=\"683\" height=\"1024\" src=\"https:\/\/ciepnj.ch\/wp-content\/uploads\/2025\/11\/Exhibition.exe_\u00a9Alizee-Quinche_ALI8646_WEB-683x1024.jpg\" class=\"attachment-large size-large wp-image-165\" alt=\"\" srcset=\"https:\/\/ciepnj.ch\/wp-content\/uploads\/2025\/11\/Exhibition.exe_\u00a9Alizee-Quinche_ALI8646_WEB-683x1024.jpg 683w, https:\/\/ciepnj.ch\/wp-content\/uploads\/2025\/11\/Exhibition.exe_\u00a9Alizee-Quinche_ALI8646_WEB-200x300.jpg 200w, https:\/\/ciepnj.ch\/wp-content\/uploads\/2025\/11\/Exhibition.exe_\u00a9Alizee-Quinche_ALI8646_WEB-768x1152.jpg 768w, https:\/\/ciepnj.ch\/wp-content\/uploads\/2025\/11\/Exhibition.exe_\u00a9Alizee-Quinche_ALI8646_WEB-1024x1536.jpg 1024w, https:\/\/ciepnj.ch\/wp-content\/uploads\/2025\/11\/Exhibition.exe_\u00a9Alizee-Quinche_ALI8646_WEB-1366x2048.jpg 1366w, https:\/\/ciepnj.ch\/wp-content\/uploads\/2025\/11\/Exhibition.exe_\u00a9Alizee-Quinche_ALI8646_WEB.jpg 1667w\" sizes=\"(max-width: 683px) 100vw, 683px\" \/>\t\t\t\t\t\t\t\t\t\t\t\t\t\t\t<\/div>\n\t\t\t\t\t<\/div>\n\t\t\t\t<\/div>\n\t\t<div class=\"elementor-element elementor-element-3070c57 e-flex e-con-boxed e-con e-parent\" data-id=\"3070c57\" data-element_type=\"container\">\n\t\t\t\t\t<div class=\"e-con-inner\">\n\t\t\t\t<div class=\"elementor-element elementor-element-8735636 elementor-widget elementor-widget-image\" data-id=\"8735636\" data-element_type=\"widget\" data-widget_type=\"image.default\">\n\t\t\t\t\t\t\t\t\t\t\t\t\t\t\t<img loading=\"lazy\" decoding=\"async\" width=\"800\" height=\"533\" src=\"https:\/\/ciepnj.ch\/wp-content\/uploads\/2025\/11\/L1030400_pecorini.ch_-1024x682.jpg\" class=\"attachment-large size-large wp-image-189\" alt=\"\" srcset=\"https:\/\/ciepnj.ch\/wp-content\/uploads\/2025\/11\/L1030400_pecorini.ch_-1024x682.jpg 1024w, https:\/\/ciepnj.ch\/wp-content\/uploads\/2025\/11\/L1030400_pecorini.ch_-300x200.jpg 300w, https:\/\/ciepnj.ch\/wp-content\/uploads\/2025\/11\/L1030400_pecorini.ch_-768x511.jpg 768w, https:\/\/ciepnj.ch\/wp-content\/uploads\/2025\/11\/L1030400_pecorini.ch_-1536x1022.jpg 1536w, https:\/\/ciepnj.ch\/wp-content\/uploads\/2025\/11\/L1030400_pecorini.ch_.jpg 2048w\" sizes=\"(max-width: 800px) 100vw, 800px\" \/>\t\t\t\t\t\t\t\t\t\t\t\t\t\t\t<\/div>\n\t\t\t\t\t<\/div>\n\t\t\t\t<\/div>\n\t\t<div class=\"elementor-element elementor-element-010c654 e-flex e-con-boxed e-con e-parent\" data-id=\"010c654\" data-element_type=\"container\">\n\t\t\t\t\t<div class=\"e-con-inner\">\n\t\t\t\t<div class=\"elementor-element elementor-element-8c885c8 elementor-widget elementor-widget-image\" data-id=\"8c885c8\" data-element_type=\"widget\" data-widget_type=\"image.default\">\n\t\t\t\t\t\t\t\t\t\t\t\t\t\t\t<img loading=\"lazy\" decoding=\"async\" width=\"681\" height=\"1024\" src=\"https:\/\/ciepnj.ch\/wp-content\/uploads\/2025\/11\/Exhibition.exe_24.05_\u00a9Alizee-Quinche_DSC9561_300dpi-681x1024.jpg\" class=\"attachment-large size-large wp-image-182\" alt=\"\" srcset=\"https:\/\/ciepnj.ch\/wp-content\/uploads\/2025\/11\/Exhibition.exe_24.05_\u00a9Alizee-Quinche_DSC9561_300dpi-681x1024.jpg 681w, https:\/\/ciepnj.ch\/wp-content\/uploads\/2025\/11\/Exhibition.exe_24.05_\u00a9Alizee-Quinche_DSC9561_300dpi-200x300.jpg 200w, https:\/\/ciepnj.ch\/wp-content\/uploads\/2025\/11\/Exhibition.exe_24.05_\u00a9Alizee-Quinche_DSC9561_300dpi-768x1154.jpg 768w, https:\/\/ciepnj.ch\/wp-content\/uploads\/2025\/11\/Exhibition.exe_24.05_\u00a9Alizee-Quinche_DSC9561_300dpi-1022x1536.jpg 1022w, https:\/\/ciepnj.ch\/wp-content\/uploads\/2025\/11\/Exhibition.exe_24.05_\u00a9Alizee-Quinche_DSC9561_300dpi-1363x2048.jpg 1363w, https:\/\/ciepnj.ch\/wp-content\/uploads\/2025\/11\/Exhibition.exe_24.05_\u00a9Alizee-Quinche_DSC9561_300dpi-scaled.jpg 1703w\" sizes=\"(max-width: 681px) 100vw, 681px\" \/>\t\t\t\t\t\t\t\t\t\t\t\t\t\t\t<\/div>\n\t\t\t\t\t<\/div>\n\t\t\t\t<\/div>\n\t\t\t\t<\/div>\n\t\t","protected":false},"excerpt":{"rendered":"<p>Le public entre. Un\u00b7e spectateur\u00b7rice prend place sur un petit bureau o\u00f9 se trouve un ordinateur. Sur l&rsquo;\u00e9cran, un programme se lance : c&rsquo;est un jeu vid\u00e9o. Vous voil\u00e0 dans la peau d&rsquo;une jeune femme pr\u00eate \u00e0 lancer sa carri\u00e8re sur Twitch \u2014 Hell_joue, l&rsquo;avatar que vous allez manipuler pour lui faire gagner le plus [&hellip;]<\/p>\n","protected":false},"author":1,"featured_media":0,"parent":0,"menu_order":0,"comment_status":"closed","ping_status":"closed","template":"","meta":{"footnotes":""},"class_list":["post-325","page","type-page","status-publish","hentry"],"_links":{"self":[{"href":"https:\/\/ciepnj.ch\/index.php?rest_route=\/wp\/v2\/pages\/325","targetHints":{"allow":["GET"]}}],"collection":[{"href":"https:\/\/ciepnj.ch\/index.php?rest_route=\/wp\/v2\/pages"}],"about":[{"href":"https:\/\/ciepnj.ch\/index.php?rest_route=\/wp\/v2\/types\/page"}],"author":[{"embeddable":true,"href":"https:\/\/ciepnj.ch\/index.php?rest_route=\/wp\/v2\/users\/1"}],"replies":[{"embeddable":true,"href":"https:\/\/ciepnj.ch\/index.php?rest_route=%2Fwp%2Fv2%2Fcomments&post=325"}],"version-history":[{"count":13,"href":"https:\/\/ciepnj.ch\/index.php?rest_route=\/wp\/v2\/pages\/325\/revisions"}],"predecessor-version":[{"id":463,"href":"https:\/\/ciepnj.ch\/index.php?rest_route=\/wp\/v2\/pages\/325\/revisions\/463"}],"wp:attachment":[{"href":"https:\/\/ciepnj.ch\/index.php?rest_route=%2Fwp%2Fv2%2Fmedia&parent=325"}],"curies":[{"name":"wp","href":"https:\/\/api.w.org\/{rel}","templated":true}]}}